. Calculate the highest common factor of s and 31.
31
Let n be 3 - (0 + 2 + -18). Let q be (n*1)/(-18 - -19). Let u(d) = -d**2 + d + 209. Let t be u(0). Calculate the highest common factor of q and t.
19
Suppose -14 = -6*s + 28. Let p(x) = -x**2 + 6*x + 11. Let b be p(s). What is the greatest common divisor of b and 4?
4
Let b = 9 + -20. Let t = b - 25. Let c = t - -183. Calculate the highest common divisor of 21 and c.
21
Let i = -13 - -17. Suppose i*m = 5*y - 274, y - 2*m - 20 = 36. Calculate the highest common factor of 27 and y.
27
Let i(o) = 2*o + 22. Let w be i(-9). Suppose -b + 23 = w*j - 30, -5*j + 5*b = -85. Calculate the highest common divisor of 14 and j.
14
Let x(o) = o**3 + 2*o**2 - 8*o + 5. Let k be x(5). Suppose 0 = t + t - 56. Calculate the greatest common factor of t and k.
28
Suppose -4*p = -6*p - 74. Let k = -26 - p. Calculate the highest common divisor of k and 44.
11
Let g(x) = x**3 - 9*x**2 + 25*x - 2. Let l be g(6). What is the highest common divisor of l and 50?
10
Suppose 0 = -5*p - 3*k + 50, -7 - 13 = -5*p + 3*k. Suppose -5*d = d + 18. Let u be (-2)/6 + d*66/(-27). Calculate the greatest common divisor of u and p.
7
Suppose 42*a - 335 - 106 = 63. Suppose -q - 2*y - 194 = -3*q, -3*q = y - 287. Calculate the highest common divisor of q and a.
12
Let g be 5 + (-1 - -1) - 3. Suppose -g*z = 3*z. Suppose -2*v + 12 - 6 = z. What is the highest common factor of 1 and v?
1
Let c = 6 + -3. Let u be (20/(-1) + (2 - -2))*-16. Suppose -c*d = -7*d + u. What is the highest common factor of d and 16?
16
Let x = 51 - 18. Let c be (12/9)/(2/x). Let u(v) = 5*v**2 - 208*v - 989. Let a be u(-5). What is the highest common factor of c and a?
22
Let u = -160 + 161. What is the highest common factor of u and 9?
1
Let d = -35 + 23. Let i(c) = c + 14. Let v be i(d). What is the highest common divisor of 3 and v?
1
Suppose 7*r = 11*r - 260. What is the greatest common factor of 325 and r?
65
Let i be -18*1*(-3)/(-6). Let g = i + 1. Let x = 13 + g. What is the greatest common divisor of x and 15?
5
Let m(z) = -z**2 - 9*z + 4. Let h be m(-11). Let x(n) = 4*n + 1. Let i be x(5). Let w = h + i. What is the highest common divisor of 3 and w?
3
Let m(s) = -5*s**3 + 8*s + 9. Let h be m(-2). Calculate the highest common divisor of h and 22.
11
Let d be 136 - (2 + 5 + -1). What is the highest common divisor of d and 104?
26
Suppose 2 + 4 = 2*v. Suppose 0 = -v*b - 2*b + 120. What is the highest common divisor of b and 264?
24
Let f be (-345)/(-920) - (43038/16)/(-3). Calculate the greatest common factor of 69 and f.
69
Let y(o) = -o**3 - 11*o**2 - 22*o - 29. Let w be y(-9). Calculate the highest common factor of w and 27.
1
Suppose -2*o = -h, 2*h = h + 4*o - 8. Let c(z) = 1 - 16*z**2 + 9*z**2 + 5*z**2 - 64*z**3 - z. Let j be c(-1). Calculate the greatest common factor of j and h.
8
Let j be 4 - ((2 - -9) + -1). Let z be ((-10)/j)/((-15)/(-135)). What is the highest common divisor of z and 15?
15
Suppose 2400 = 4*i - 3*p, i + 5*p - 3*p = 611. Suppose -i = -7*k + 4*k. Suppose 0 = -5*g + k + 114. What is the greatest common divisor of g and 42?
21
Let d be (-4 - 0)/((-2)/3). Suppose 0 = -h + d*h - 5*b - 720, -3*h = 5*b - 400. Calculate the greatest common factor of h and 28.
28
Let d = -117 + 124. What is the highest common divisor of d and 469?
7
Let r = 68 + -26. What is the greatest common divisor of r and 1134?
42
Let a be 4*(20 + (-20)/(7 + -2)). Calculate the highest common factor of 2 and a.
2
Suppose 2*a - 1196 = -4*v + 648, -8 = -2*a. Calculate the highest common divisor of v and 27.
27
Let v be (-2)/16 - (9058/(-16) - -7). What is the highest common divisor of 43 and v?
43
Suppose -5*s - 649 + 9 = 0. Let h be (18/8)/((-48)/s). What is the highest common divisor of h and 14?
2
Suppose 5*r - 2 - 3 = 0. Suppose -2*o = 4*z - r - 11, 0 = 2*z + 8. What is the highest common factor of 140 and o?
14
Suppose 0 = 5*u + 10, -2*y + 114 = -3*u + u. What is the greatest common factor of 605 and y?
55
Suppose -490 = -n + 576. What is the greatest common divisor of n and 26?
26
Let z(q) = 7*q - 2. Let w be z(2). Let h be 81/w - (-2)/8. Suppose -786 = -36*t - 534. What is the highest common factor of h and t?
7
Let f be -44*(76/(-16))/19. Let n(b) = -3*b**2. Let s(j) = j + 1. Let i(p) = -n(p) - 6*s(p). Let k be i(-5). What is the highest common divisor of f and k?
11
Suppose 6897*y - 356 = 6924*y - 1490. Let s(t) = -4*t**3 + t. Let o be s(-3). Suppose 0 = -4*z - z + o. Calculate the greatest common factor of z and y.
21
Let t = -431 - -536. Calculate the greatest common divisor of 1995 and t.
105
Let m be ((-184)/32)/(4/(-32)). Calculate the highest common divisor of 23 and m.
23
Let g be 33 - ((-16)/(-6) + (-3)/(-9)). Let z be 6 + 0 + -2 - -6. Calculate the highest common factor of g and z.
10
Let b be 30/(-5) - -4 - -50. Calculate the highest common divisor of b and 16.
16
Suppose s + a - 11 = -0*a, s + 4*a = 14. Suppose -v = 3*x - 10, 2*x + 0*x + 40 = 4*v. Calculate the highest common factor of s and v.
10
Let p = 57 + 63. Let x be -3*(-10)/4*2. What is the highest common divisor of p and x?
15
Let r = 441 - 434. Let w(y) = -3*y + 3. Suppose 0 = -3*u - 0*u - 2*g - 28, 0 = -5*u + 2*g - 20. Let m be w(u). What is the highest common divisor of r and m?
7
Let n(x) = x**2 - 10*x + 9. Let b be n(4). Let s = -14 - b. Let y = 0 + 2. What is the highest common factor of s and y?
1
Let k(a) = 10*a + 348. Let s be k(-30). Calculate the greatest common factor of 12 and s.
12
Let h = 40 + -22. Let v = h + -12. What is the greatest common factor of 15 and v?
3
Let n(p) = 3*p. Let c be n(3). Let d be 6 - c - (-1 - -6). Let b(a) = -a**3 - 6*a**2 - 3*a + 16. Let o be b(d). Calculate the highest common factor of o and 21.
21
Let o be 1191/3 + 0 + -1. What is the greatest common factor of o and 44?
44
Let o = -16 - -116. What is the highest common factor of o and 75?
25
Let g be (24/(-3))/(-8) + 8. What is the highest common factor of g and 252?
9
Let w be 6*8*(0/4 - -1). Let q = -32 + w. Calculate the greatest common factor of q and 112.
16
Let l(o) = 235*o + 334. Let h be l(6). What is the highest common divisor of 16 and h?
16
Suppose 9 = o + 2*h - 3, -3*h + 38 = 4*o. Suppose 4*y = o*y - 204. Suppose y = 3*g - 39. What is the highest common factor of g and 6?
6
Let c(r) = -3*r + 17. Let o be c(-6). What is the greatest common factor of o and 15?
5
Let j(w) = -w + 3. Let z be j(0). Let t = 36 - 33. Calculate the greatest common divisor of z and t.
3
Suppose -116 = -5*o - 16. Let i be (1 - (2 - 4)) + -3. Suppose 0 = 5*j - 2*s - 46, -2*j - 5*s = -i*j - 30. Calculate the highest common factor of j and o.
10
Let o = 55 + -113. Let j be (5 - -1)/(-3) - o. What is the highest common divisor of j and 8?
8
Suppose -103*i - 2016 = -111*i. Calculate the highest common divisor of i and 28.
28
Let t = -1925 + 2813. What is the greatest common divisor of 48 and t?
24
Let k = 106 - 88. Let h be (-2)/(-5) - (-352)/20. What is the greatest common divisor of k and h?
18
Let r = -2 + -2. Let l = r + -7. Let h = 16 + l. What is the highest common factor of 5 and h?
5
Suppose 0 = -31*m + 26*m + 70. Let n(j) = 3*j - 33. Let z be n(m). Calculate the highest common divisor of z and 3.
3
Let m(h) = -h**2 + 16*h - 31. Let f be m(13). Suppose f = g + 3*g. Suppose 16 = s + g*l - 8, 2*s - 3 = 5*l. What is the highest common divisor of s and 14?
14
Suppose -4*i + 400 = 5*h, -h - 4*h = 5*i - 505. Calculate the greatest common factor of i and 70.
35
Let t be 1/(-4)*-214 - (-15)/6. Calculate the greatest common factor of t and 14.
14
Let o be 0 + (-42)/18*-30. Calculate the greatest common divisor of 14 and o.
14
Let u be -82*(-11)/(-88)*-4. Let m(h) = 9*h**2 - 5*h. Let w be m(-4). What is the highest common divisor of w and u?
41
Let y = -916 - -1363. Suppose -y = -4*v + 97. Calculate the greatest common factor of 34 and v.
34
Suppose 5*u + 25 = 0, -45 = -n - 4*n + 5*u. Suppose -3*w - 55 = c - 3*c, 85 = n*c - w. Calculate the highest common factor of c and 40.
20
Let t be (-39)/(((-7)/(-28))/((-2)/8)). What is the greatest common divisor of t and 507?
39
Suppose -51 - 24 = -5*g. Suppose 16*f = g*f + 11. Calculate the greatest common divisor of f and 11.
11
Let x(g) = 8*g + 32. Let a be x(-5). Let b(q) =